{"id":7339,"date":"2025-06-23T16:07:14","date_gmt":"2025-06-23T16:07:14","guid":{"rendered":"https:\/\/meskreasbudget.fr\/?post_type=product&#038;p=7339"},"modified":"2025-06-23T17:15:29","modified_gmt":"2025-06-23T17:15:29","slug":"classeur-budget-anniversaire","status":"publish","type":"product","link":"https:\/\/meskreasbudget.fr\/accueil-2\/produit\/classeur-budget-anniversaire\/","title":{"rendered":"Classeur Budget Anniversaire &#8211; Sp\u00e9cial Anniversaire"},"content":{"rendered":"<p><strong>Faites de l\u2019anniversaire de vos r\u00eaves un moment joyeux\u2026 sans angoisse c\u00f4t\u00e9 budget !<\/strong> \ud83c\udf82\u2728<\/p>\n<p>Avec ce <em>Classeur Budget Sp\u00e9cial Anniversaire<\/em>, transformez l\u2019organisation de votre f\u00eate en un processus \u00e0 la fois clair, motivant et agr\u00e9able.<\/p>\n<p>Chaque page est pens\u00e9e pour vous aider \u00e0 anticiper les d\u00e9penses : d\u00e9coration, go\u00fbter, cadeaux, animation, surprises\u2026 tout est pr\u00e9vu, pour un \u00e9v\u00e9nement magique et 100 % ma\u00eetris\u00e9 \ud83e\uddc1\ud83c\udf88<\/p>\n<p>Gr\u00e2ce \u00e0 sa structure visuelle et intuitive, ce classeur rend la gestion budg\u00e9taire concr\u00e8te et beaucoup plus rassurante. Rubrique apr\u00e8s rubrique, suivez vos pr\u00e9paratifs en toute s\u00e9r\u00e9nit\u00e9, comme si une bonne f\u00e9e veillait sur votre porte-monnaie \u2728\ud83d\udcb8<\/p>\n<p>\ud83c\udfaf <strong>Pourquoi l\u2019adopter ?<\/strong><\/p>\n<p>Une m\u00e9thode simple, efficace et joyeuse pour planifier chaque poste<\/p>\n<p>Un design soign\u00e9 qui vous donne envie de rester organis\u00e9(e)<\/p>\n<p>Un compagnon pratique pour dire adieu au stress financier et oui \u00e0 la f\u00eate !<\/p>\n<p>\ud83d\udccc <strong>Caract\u00e9ristiques produit<\/strong> :<\/p>\n<p>\ud83d\udccf Format compact : 12,5 x 15 cm, id\u00e9al pour l\u2019emporter partout<\/p>\n<p>\ud83d\udcc4 Impression recto\/verso sur papier 160 g pour une belle tenue<\/p>\n<p>\ud83c\udfa8 Plastifi\u00e9 \u00e0 la main pour plus de solidit\u00e9 et de durabilit\u00e9<\/p>\n<p>\ud83d\udc9b Enti\u00e8rement fabriqu\u00e9 avec soin aux Arcs (83), avec une attention particuli\u00e8re aux finitions<\/p>\n<p>\ud83c\udf89 Que la f\u00eate commence d\u00e8s la planification\u2026 et que chaque euro soit bien plac\u00e9 !<\/p>\n<p>\u26a0\ufe0f Cr\u00e9ation originale \u2013 Toute reproduction est interdite \u2013 Droits \u00e0 l\u2019image prot\u00e9g\u00e9s.<\/p>\n<p>&nbsp;<\/p>\n","protected":false},"excerpt":{"rendered":"<p><strong>Faites de l\u2019anniversaire de vos r\u00eaves un moment joyeux\u2026 sans angoisse c\u00f4t\u00e9 budget !<\/strong> \ud83c\udf82\u2728<\/p>\n<p>Avec ce <em>Classeur Budget Sp\u00e9cial Anniversaire<\/em>, transformez l\u2019organisation de votre f\u00eate en un processus \u00e0 la fois clair, motivant et agr\u00e9able.<\/p>\n<p>Chaque page est pens\u00e9e pour vous aider \u00e0 anticiper les d\u00e9penses : d\u00e9coration, go\u00fbter, cadeaux, animation, surprises\u2026 tout est pr\u00e9vu, pour un \u00e9v\u00e9nement magique et 100 % ma\u00eetris\u00e9 \ud83e\uddc1\ud83c\udf88<\/p>\n<p>Gr\u00e2ce \u00e0 sa structure visuelle et intuitive, ce classeur rend la gestion budg\u00e9taire concr\u00e8te et beaucoup plus rassurante. Rubrique apr\u00e8s rubrique, suivez vos pr\u00e9paratifs en toute s\u00e9r\u00e9nit\u00e9, comme si une bonne f\u00e9e veillait sur votre porte-monnaie \u2728\ud83d\udcb8<\/p>\n","protected":false},"featured_media":7297,"comment_status":"open","ping_status":"closed","template":"","meta":{"iawp_total_views":6},"product_brand":[],"product_cat":[119,86],"product_tag":[],"class_list":{"0":"post-7339","1":"product","2":"type-product","3":"status-publish","4":"has-post-thumbnail","6":"product_cat-classeur-budget-themes","7":"product_cat-classeur-budget","9":"first","10":"instock","11":"shipping-taxable","12":"purchasable","13":"product-type-simple"},"aioseo_notices":[],"_links":{"self":[{"href":"https:\/\/meskreasbudget.fr\/accueil-2\/wp-json\/wp\/v2\/product\/7339","targetHints":{"allow":["GET"]}}],"collection":[{"href":"https:\/\/meskreasbudget.fr\/accueil-2\/wp-json\/wp\/v2\/product"}],"about":[{"href":"https:\/\/meskreasbudget.fr\/accueil-2\/wp-json\/wp\/v2\/types\/product"}],"replies":[{"embeddable":true,"href":"https:\/\/meskreasbudget.fr\/accueil-2\/wp-json\/wp\/v2\/comments?post=7339"}],"version-history":[{"count":1,"href":"https:\/\/meskreasbudget.fr\/accueil-2\/wp-json\/wp\/v2\/product\/7339\/revisions"}],"predecessor-version":[{"id":7340,"href":"https:\/\/meskreasbudget.fr\/accueil-2\/wp-json\/wp\/v2\/product\/7339\/revisions\/7340"}],"wp:featuredmedia":[{"embeddable":true,"href":"https:\/\/meskreasbudget.fr\/accueil-2\/wp-json\/wp\/v2\/media\/7297"}],"wp:attachment":[{"href":"https:\/\/meskreasbudget.fr\/accueil-2\/wp-json\/wp\/v2\/media?parent=7339"}],"wp:term":[{"taxonomy":"product_brand","embeddable":true,"href":"https:\/\/meskreasbudget.fr\/accueil-2\/wp-json\/wp\/v2\/product_brand?post=7339"},{"taxonomy":"product_cat","embeddable":true,"href":"https:\/\/meskreasbudget.fr\/accueil-2\/wp-json\/wp\/v2\/product_cat?post=7339"},{"taxonomy":"product_tag","embeddable":true,"href":"https:\/\/meskreasbudget.fr\/accueil-2\/wp-json\/wp\/v2\/product_tag?post=7339"}],"curies":[{"name":"wp","href":"https:\/\/api.w.org\/{rel}","templated":true}]}}