{"id":7128,"date":"2025-06-12T06:51:41","date_gmt":"2025-06-12T06:51:41","guid":{"rendered":"https:\/\/meskreasbudget.fr\/?post_type=product&#038;p=7128"},"modified":"2025-06-12T06:51:41","modified_gmt":"2025-06-12T06:51:41","slug":"challenge-bingo-the-grinch","status":"publish","type":"product","link":"https:\/\/meskreasbudget.fr\/accueil-2\/produit\/challenge-bingo-the-grinch\/","title":{"rendered":"The Grinch Edition &#8211; Carte Challenge Bingo"},"content":{"rendered":"<p><strong>Ajoutez une dose d\u2019humour grincheux \u00e0 votre gestion budg\u00e9taire avec cette carte challenge Grinch style\u00a0 bingo !<\/strong><\/p>\n<p>Gr\u00e2ce \u00e0 cette carte inspir\u00e9e du l\u00e9gendaire <strong>Grinch<\/strong>, vous pourrez <strong>transformer votre \u00e9pargne en un jeu amusant et motivant<\/strong>.<\/p>\n<p>Chaque case contient un montant pr\u00e9cis \u00e0 \u00e9conomiser.<\/p>\n<p>Au fur et \u00e0 mesure, vous remplissez les cases tout en <strong>renfor\u00e7ant progressivement votre \u00e9pargne.<\/strong><\/p>\n<p>\u2728 <strong>Pourquoi adopter ce challenge ?<\/strong><\/p>\n<p>\u2714\ufe0f <strong>Une m\u00e9thode ludique et accessible<\/strong> .<\/p>\n<p>\u2714\ufe0f <strong>Le Grinch devient votre alli\u00e9 financier<\/strong><\/p>\n<p>\u2714\ufe0f <strong>Un format visuel et motivant<\/strong><\/p>\n<p>\ud83d\udccc <strong>Caract\u00e9ristiques du produit :<\/strong><\/p>\n<p>\ud83d\udccf <strong>Des dimensions pratiques :<\/strong> 8,5 cm x 9,5 cm<\/p>\n<p>\ud83d\udca1 J\u2019imprime le challenge recto\/verso sur du papier 160 g<\/p>\n<p>\ud83c\udfa8 Je plastifie chaque carte et lui attribue des montants diff\u00e9rents pour rendre chaque challenge unique et personnalis\u00e9.<\/p>\n<p>\ud83d\udee0\ufe0f <strong>Fabrication artisanale :<\/strong><\/p>\n<p>Con\u00e7u, imprim\u00e9 et <strong>plastifi\u00e9 avec soin aux Arcs (83)<\/strong>, garantissant une finition de qualit\u00e9 et une attention particuli\u00e8re aux d\u00e9tails.<\/p>\n<p>\u26a0\ufe0f <strong>Toute reproduction est interdite<\/strong> \u2013 <strong>Droits \u00e0 l\u2019image prot\u00e9g\u00e9s<\/strong>.<\/p>\n<p>&nbsp;<\/p>\n<p>&nbsp;<\/p>\n","protected":false},"excerpt":{"rendered":"<p><strong>Ajoutez une dose d\u2019humour grincheux \u00e0 votre gestion budg\u00e9taire avec cette carte challenge\u00a0 Grinch style bingo !<\/strong><\/p>\n<p>Gr\u00e2ce \u00e0 cette carte inspir\u00e9e du l\u00e9gendaire <strong>Grinch<\/strong>, vous pourrez <strong>transformer votre \u00e9pargne en un jeu amusant et motivant<\/strong>.<\/p>\n<p>\u2728 <strong>Pourquoi adopter ce challenge ?<\/strong><\/p>\n<p>\u2714\ufe0f <strong>Une m\u00e9thode ludique et accessible<\/strong> qui permet de g\u00e9rer son budget sans frustration ni contrainte.<\/p>\n<p>\u2714\ufe0f <strong>Le Grinch devient votre alli\u00e9 financier<\/strong>, mais cette fois sans vous voler votre No\u00ebl !<\/p>\n<p>\u2714\ufe0f <strong>Un format visuel et motivant<\/strong>, qui simplifie le suivi des \u00e9conomies r\u00e9alis\u00e9es et encourage \u00e0 poursuivre l\u2019effort.<\/p>\n<p>\ud83d\udccc <strong>Caract\u00e9ristiques du produit :<\/strong><\/p>\n<p>\ud83d\udca1 Ce challenge est <strong>imprim\u00e9 recto\/verso sur du papier 160 g<\/strong>,<\/p>\n<p>\ud83d\udccf <strong>Des dimensions pratiques :<\/strong> 8,5 cm x 9,5 cm<\/p>\n<p>\ud83c\udfa8 <strong>Chaque carte est plastifi\u00e9e et poss\u00e8de des montants diff\u00e9rents<\/strong><\/p>\n<p>\ud83d\udee0\ufe0f <strong>Fabrication artisanale :<\/strong> Con\u00e7u, imprim\u00e9 et <strong>plastifi\u00e9 avec soin aux Arcs (83)<\/strong>, garantissant une finition de qualit\u00e9 et une attention particuli\u00e8re aux d\u00e9tails.<\/p>\n<p>\u26a0\ufe0f <strong>Toute reproduction est interdite<\/strong> \u2013 <strong>Droits \u00e0 l\u2019image prot\u00e9g\u00e9s<\/strong>.<\/p>\n","protected":false},"featured_media":7119,"comment_status":"open","ping_status":"closed","template":"","meta":{"iawp_total_views":1},"product_brand":[],"product_cat":[107],"product_tag":[144,97],"class_list":{"0":"post-7128","1":"product","2":"type-product","3":"status-publish","4":"has-post-thumbnail","6":"product_cat-challenges-surprise","7":"product_tag-challenge","8":"product_tag-trackers","10":"first","11":"instock","12":"shipping-taxable","13":"purchasable","14":"product-type-variable"},"aioseo_notices":[],"_links":{"self":[{"href":"https:\/\/meskreasbudget.fr\/accueil-2\/wp-json\/wp\/v2\/product\/7128","targetHints":{"allow":["GET"]}}],"collection":[{"href":"https:\/\/meskreasbudget.fr\/accueil-2\/wp-json\/wp\/v2\/product"}],"about":[{"href":"https:\/\/meskreasbudget.fr\/accueil-2\/wp-json\/wp\/v2\/types\/product"}],"replies":[{"embeddable":true,"href":"https:\/\/meskreasbudget.fr\/accueil-2\/wp-json\/wp\/v2\/comments?post=7128"}],"version-history":[{"count":2,"href":"https:\/\/meskreasbudget.fr\/accueil-2\/wp-json\/wp\/v2\/product\/7128\/revisions"}],"predecessor-version":[{"id":7138,"href":"https:\/\/meskreasbudget.fr\/accueil-2\/wp-json\/wp\/v2\/product\/7128\/revisions\/7138"}],"wp:featuredmedia":[{"embeddable":true,"href":"https:\/\/meskreasbudget.fr\/accueil-2\/wp-json\/wp\/v2\/media\/7119"}],"wp:attachment":[{"href":"https:\/\/meskreasbudget.fr\/accueil-2\/wp-json\/wp\/v2\/media?parent=7128"}],"wp:term":[{"taxonomy":"product_brand","embeddable":true,"href":"https:\/\/meskreasbudget.fr\/accueil-2\/wp-json\/wp\/v2\/product_brand?post=7128"},{"taxonomy":"product_cat","embeddable":true,"href":"https:\/\/meskreasbudget.fr\/accueil-2\/wp-json\/wp\/v2\/product_cat?post=7128"},{"taxonomy":"product_tag","embeddable":true,"href":"https:\/\/meskreasbudget.fr\/accueil-2\/wp-json\/wp\/v2\/product_tag?post=7128"}],"curies":[{"name":"wp","href":"https:\/\/api.w.org\/{rel}","templated":true}]}}