{"id":7027,"date":"2025-05-31T12:37:41","date_gmt":"2025-05-31T12:37:41","guid":{"rendered":"https:\/\/meskreasbudget.fr\/?post_type=product&#038;p=7027"},"modified":"2025-05-31T13:07:19","modified_gmt":"2025-05-31T13:07:19","slug":"bebe-groot-tracker-a6-pdf","status":"publish","type":"product","link":"https:\/\/meskreasbudget.fr\/accueil-2\/produit\/bebe-groot-tracker-a6-pdf\/","title":{"rendered":"B\u00e9b\u00e9 Groot Tracker A6 PDF"},"content":{"rendered":"<p><strong>Ajoutez une touche de style \u00e0 votre gestion budg\u00e9taire avec B\u00e9b\u00e9 Groot !<\/strong><\/p>\n<p>Apportez une note de douceur et de fantaisie \u00e0 votre suivi financier gr\u00e2ce \u00e0 ces superbes pages de garde \u2013 trackers con\u00e7us pour embellir votre classeur et vos enveloppes au format A6.<\/p>\n<p><strong>Caract\u00e9ristiques :<\/strong><\/p>\n<ul>\n<li>Format : 8 \u00d7 16 cm, parfait pour \u00eatre gliss\u00e9 dans une enveloppe plastique.<\/li>\n<li>Impression recommand\u00e9e sur papier haute qualit\u00e9 (minimum 120g) pour une durabilit\u00e9 optimale.<\/li>\n<li>Possibilit\u00e9 de plastifier pour un rendu encore plus solide et \u00e9l\u00e9gant.<\/li>\n<li><strong>Pratique et ludique !<\/strong> Suivez vos d\u00e9p\u00f4ts, d\u00e9penses et soldes avec simplicit\u00e9 tout en profitant d&rsquo;un design enchanteur qui \u00e9gayera votre routine budg\u00e9taire. Personnalisez chaque tracker en y inscrivant la cat\u00e9gorie de votre choix.<\/li>\n<\/ul>\n<p><strong>T\u00e9l\u00e9chargement imm\u00e9diat !<\/strong> Apr\u00e8s votre commande, acc\u00e9dez instantan\u00e9ment au fichier PDF et imprimez-le autant de fois que n\u00e9cessaire.<\/p>\n<p><strong>Contenu du PDF :<\/strong> \u2714 Instructions d\u00e9taill\u00e9es \u2714 3 trackers pr\u00eats \u00e0 \u00eatre imprim\u00e9s recto verso<\/p>\n<p>Transformez la gestion de votre budget en une exp\u00e9rience agr\u00e9able avec ces trackers B\u00e9b\u00e9 Groot !<\/p>\n","protected":false},"excerpt":{"rendered":"<p><strong>Ajoutez une touche de style \u00e0 votre gestion budg\u00e9taire avec B\u00e9b\u00e9 Groot !<\/strong><\/p>\n<p>Apportez une note de douceur et de fantaisie \u00e0 votre suivi financier gr\u00e2ce \u00e0 ces superbes pages de garde \u2013 trackers con\u00e7us pour embellir votre classeur et vos enveloppes au format A6.<\/p>\n<p><strong>Caract\u00e9ristiques :<\/strong><\/p>\n<ul>\n<li>Format : 8 \u00d7 16 cm, parfait pour \u00eatre gliss\u00e9 dans une enveloppe plastique.<\/li>\n<li>Impression recommand\u00e9e sur papier haute qualit\u00e9 (minimum 120g) pour une durabilit\u00e9 optimale.<\/li>\n<li>Possibilit\u00e9 de plastifier pour un rendu encore plus solide et \u00e9l\u00e9gant.<\/li>\n<li><strong>Pratique et ludique !<\/strong> Suivez vos d\u00e9p\u00f4ts, d\u00e9penses et soldes avec simplicit\u00e9 tout en profitant d&rsquo;un design enchanteur qui \u00e9gayera votre routine budg\u00e9taire. Personnalisez chaque tracker en y inscrivant la cat\u00e9gorie de votre choix.<\/li>\n<\/ul>\n<p><strong>T\u00e9l\u00e9chargement imm\u00e9diat !<\/strong> Apr\u00e8s votre commande, acc\u00e9dez instantan\u00e9ment au fichier PDF et imprimez-le autant de fois que n\u00e9cessaire.<\/p>\n<p><strong>Contenu du PDF :<\/strong> \u2714 Instructions d\u00e9taill\u00e9es \u2714 3 trackers pr\u00eats \u00e0 \u00eatre imprim\u00e9s recto verso<\/p>\n<p>Transformez la gestion de votre budget en une exp\u00e9rience agr\u00e9able avec ces trackers B\u00e9b\u00e9 Groot !<\/p>\n","protected":false},"featured_media":6886,"comment_status":"open","ping_status":"closed","template":"","meta":{"iawp_total_views":2},"product_brand":[],"product_cat":[108],"product_tag":[101,124,142,123],"class_list":{"0":"post-7027","1":"product","2":"type-product","3":"status-publish","4":"has-post-thumbnail","6":"product_cat-numerique","7":"product_tag-enveloppe","8":"product_tag-page-garde","9":"product_tag-pdf","10":"product_tag-tracker","12":"first","13":"instock","14":"downloadable","15":"shipping-taxable","16":"purchasable","17":"product-type-simple"},"aioseo_notices":[],"_links":{"self":[{"href":"https:\/\/meskreasbudget.fr\/accueil-2\/wp-json\/wp\/v2\/product\/7027","targetHints":{"allow":["GET"]}}],"collection":[{"href":"https:\/\/meskreasbudget.fr\/accueil-2\/wp-json\/wp\/v2\/product"}],"about":[{"href":"https:\/\/meskreasbudget.fr\/accueil-2\/wp-json\/wp\/v2\/types\/product"}],"replies":[{"embeddable":true,"href":"https:\/\/meskreasbudget.fr\/accueil-2\/wp-json\/wp\/v2\/comments?post=7027"}],"version-history":[{"count":1,"href":"https:\/\/meskreasbudget.fr\/accueil-2\/wp-json\/wp\/v2\/product\/7027\/revisions"}],"predecessor-version":[{"id":7028,"href":"https:\/\/meskreasbudget.fr\/accueil-2\/wp-json\/wp\/v2\/product\/7027\/revisions\/7028"}],"wp:featuredmedia":[{"embeddable":true,"href":"https:\/\/meskreasbudget.fr\/accueil-2\/wp-json\/wp\/v2\/media\/6886"}],"wp:attachment":[{"href":"https:\/\/meskreasbudget.fr\/accueil-2\/wp-json\/wp\/v2\/media?parent=7027"}],"wp:term":[{"taxonomy":"product_brand","embeddable":true,"href":"https:\/\/meskreasbudget.fr\/accueil-2\/wp-json\/wp\/v2\/product_brand?post=7027"},{"taxonomy":"product_cat","embeddable":true,"href":"https:\/\/meskreasbudget.fr\/accueil-2\/wp-json\/wp\/v2\/product_cat?post=7027"},{"taxonomy":"product_tag","embeddable":true,"href":"https:\/\/meskreasbudget.fr\/accueil-2\/wp-json\/wp\/v2\/product_tag?post=7027"}],"curies":[{"name":"wp","href":"https:\/\/api.w.org\/{rel}","templated":true}]}}