{"id":6994,"date":"2025-05-27T08:11:41","date_gmt":"2025-05-27T08:11:41","guid":{"rendered":"https:\/\/meskreasbudget.fr\/?post_type=product&#038;p=6994"},"modified":"2025-05-27T08:17:25","modified_gmt":"2025-05-27T08:17:25","slug":"caricature-tabac-page-de-garde-a7","status":"publish","type":"product","link":"https:\/\/meskreasbudget.fr\/accueil-2\/produit\/caricature-tabac-page-de-garde-a7\/","title":{"rendered":"Caricature Tabac Page de Garde A7"},"content":{"rendered":"<p>Ajoutez une touche de beaut\u00e9 et d&rsquo;\u00e9l\u00e9gance \u00e0 votre routine budg\u00e9taire. En adoptant le design unique et stylis\u00e9 Caricature Tabac .<\/p>\n<p>Parce qu\u2019un budget bien structur\u00e9 peut aussi \u00eatre agr\u00e9able \u00e0 regarder .<\/p>\n<p>Elles apportent une v\u00e9ritable identit\u00e9 visuelle \u00e0 votre gestion financi\u00e8re.<\/p>\n<p>Ces magnifiques pages de garde, sp\u00e9cialement pens\u00e9es pour vos enveloppes budget.<\/p>\n<p>Imprim\u00e9 sur du papier de haute qualit\u00e9, soigneusement plastifi\u00e9. cet accessoire offre un toucher \u00e0 la fois doux et brillant.<\/p>\n<p>Gr\u00e2ce \u00e0 cette finition premium, il assure une excellente durabilit\u00e9 tout en conservant son \u00e9clat au fil du temps. Ainsi, il est id\u00e9al pour une r\u00e9utilisation \u00e0 votre convenance, vous accompagnant durablement dans votre gestion financi\u00e8re.<\/p>\n<h4>Dimensions :<\/h4>\n<p>\ud83d\udccf 6,5 cm \u00d7 12 cm, plastifi\u00e9.<\/p>\n<p>La taille de la page de garde Tabac a \u00e9t\u00e9 parfaitement \u00e9tudi\u00e9e, ce qui lui permet de se glisser ais\u00e9ment dans les enveloppes zip A7, garantissant ainsi une organisation harmonieuse et efficace.<\/p>\n<p>\u00c0 noter : Chaque article est soigneusement con\u00e7u et emball\u00e9 \u00e0 la main par mes soins. Par cons\u00e9quent, il peut y avoir de l\u00e9g\u00e8res variations, rendant chaque pi\u00e8ce unique.<\/p>\n<p>\ud83d\udccc \u00c0 savoir : En raison de diff\u00e9rentes r\u00e9solutions et param\u00e8tres d\u2019\u00e9cran . Les couleurs peuvent l\u00e9g\u00e8rement diff\u00e9rer entre l\u2019affichage num\u00e9rique et le produit r\u00e9ceptionn\u00e9.<\/p>\n<p>Si vous avez des questions, n\u2019h\u00e9sitez surtout pas \u00e0 me contacter !<\/p>\n<p>\ud83d\udeab Usage personnel uniquement : Par respect pour mon travail, veuillez ne pas copier, reproduire ou distribuer ce contenu comme le v\u00f4tre.<\/p>\n<p>&nbsp;<\/p>\n","protected":false},"excerpt":{"rendered":"<p>Ajoutez une touche de beaut\u00e9 et d&rsquo;\u00e9l\u00e9gance \u00e0 votre routine budg\u00e9taire. En adoptant le design unique et stylis\u00e9 Caricature Tabac.<\/p>\n<p>Parce qu\u2019un budget bien structur\u00e9 peut aussi \u00eatre agr\u00e9able \u00e0 regarder .<\/p>\n<p>Elles apportent une v\u00e9ritable identit\u00e9 visuelle \u00e0 votre gestion financi\u00e8re.<\/p>\n<p>Ces magnifiques pages de garde, sp\u00e9cialement pens\u00e9es pour vos enveloppes budget.<\/p>\n<p>Imprim\u00e9 sur du papier de haute qualit\u00e9, soigneusement plastifi\u00e9. cet accessoire offre un toucher \u00e0 la fois doux et brillant. Gr\u00e2ce \u00e0 cette finition premium, il assure une excellente durabilit\u00e9 tout en conservant son \u00e9clat au fil du temps. Ainsi, il est id\u00e9al pour une r\u00e9utilisation \u00e0 votre convenance, vous accompagnant durablement dans votre gestion financi\u00e8re.<\/p>\n","protected":false},"featured_media":6970,"comment_status":"open","ping_status":"closed","template":"","meta":{"iawp_total_views":3},"product_brand":[],"product_cat":[85,89],"product_tag":[101,124,123],"class_list":{"0":"post-6994","1":"product","2":"type-product","3":"status-publish","4":"has-post-thumbnail","6":"product_cat-trackers-enveloppes","7":"product_cat-pages-de-garde","8":"product_tag-enveloppe","9":"product_tag-page-garde","10":"product_tag-tracker","12":"first","13":"instock","14":"shipping-taxable","15":"purchasable","16":"product-type-simple"},"aioseo_notices":[],"_links":{"self":[{"href":"https:\/\/meskreasbudget.fr\/accueil-2\/wp-json\/wp\/v2\/product\/6994","targetHints":{"allow":["GET"]}}],"collection":[{"href":"https:\/\/meskreasbudget.fr\/accueil-2\/wp-json\/wp\/v2\/product"}],"about":[{"href":"https:\/\/meskreasbudget.fr\/accueil-2\/wp-json\/wp\/v2\/types\/product"}],"replies":[{"embeddable":true,"href":"https:\/\/meskreasbudget.fr\/accueil-2\/wp-json\/wp\/v2\/comments?post=6994"}],"version-history":[{"count":1,"href":"https:\/\/meskreasbudget.fr\/accueil-2\/wp-json\/wp\/v2\/product\/6994\/revisions"}],"predecessor-version":[{"id":6995,"href":"https:\/\/meskreasbudget.fr\/accueil-2\/wp-json\/wp\/v2\/product\/6994\/revisions\/6995"}],"wp:featuredmedia":[{"embeddable":true,"href":"https:\/\/meskreasbudget.fr\/accueil-2\/wp-json\/wp\/v2\/media\/6970"}],"wp:attachment":[{"href":"https:\/\/meskreasbudget.fr\/accueil-2\/wp-json\/wp\/v2\/media?parent=6994"}],"wp:term":[{"taxonomy":"product_brand","embeddable":true,"href":"https:\/\/meskreasbudget.fr\/accueil-2\/wp-json\/wp\/v2\/product_brand?post=6994"},{"taxonomy":"product_cat","embeddable":true,"href":"https:\/\/meskreasbudget.fr\/accueil-2\/wp-json\/wp\/v2\/product_cat?post=6994"},{"taxonomy":"product_tag","embeddable":true,"href":"https:\/\/meskreasbudget.fr\/accueil-2\/wp-json\/wp\/v2\/product_tag?post=6994"}],"curies":[{"name":"wp","href":"https:\/\/api.w.org\/{rel}","templated":true}]}}