{"id":11,"date":"2025-04-28T12:15:15","date_gmt":"2025-04-28T12:15:15","guid":{"rendered":"https:\/\/meskreasbudget.fr\/?page_id=11"},"modified":"2025-06-07T16:40:00","modified_gmt":"2025-06-07T16:40:00","slug":"mentions-legales","status":"publish","type":"page","link":"https:\/\/meskreasbudget.fr\/accueil-2\/accueil-2\/mentions-legales\/","title":{"rendered":"Mentions L\u00e9gales"},"content":{"rendered":"\n<p class=\"has-palette-color-2-color has-text-color has-link-color wp-elements-2cb45df33317c8c8f65c7159df3f05eb\"><\/p>\n\n\n\n<p><em>Meskreasbudget<\/em>&nbsp;est une micro-entreprise ayant son si\u00e8ge social au&nbsp;7 rue Marceau , 83460 Les Arcs . <\/p>\n\n\n\n<p>Cette derni\u00e8re est immatricul\u00e9e au Registre du Commerce et des Soci\u00e9t\u00e9s de Draguignan<\/p>\n\n\n\n<p>Le responsable de la publication du site Internet est Madame Thevenet Marion en sa qualit\u00e9 d\u2019entrepreneur individuel. <\/p>\n\n\n\n<p>Vous pouvez contacter l&rsquo;entreprise par courrier \u00e0 l&rsquo;adresse ci-dessus, ou bien par mail :&nbsp;<strong>meskreasbudget@gmail.com<\/strong><\/p>\n\n\n\n<p><\/p>\n\n\n\n<p><\/p>\n\n\n\n<p><\/p>\n\n\n\n<p><\/p>\n\n\n\n<p><\/p>\n\n\n\n<p><\/p>\n","protected":false},"excerpt":{"rendered":"<p>Meskreasbudget&nbsp;est une micro-entreprise ayant son si\u00e8ge social au&nbsp;7 rue Marceau , 83460 Les Arcs . Cette derni\u00e8re est immatricul\u00e9e au Registre du Commerce et des Soci\u00e9t\u00e9s de Draguignan Le responsable de la publication du site Internet est Madame Thevenet Marion en sa qualit\u00e9 d\u2019entrepreneur individuel. Vous pouvez contacter l&rsquo;entreprise par courrier \u00e0 l&rsquo;adresse ci-dessus, ou [&hellip;]<\/p>\n","protected":false},"author":1,"featured_media":0,"parent":7097,"menu_order":0,"comment_status":"closed","ping_status":"closed","template":"","meta":{"iawp_total_views":2,"footnotes":""},"class_list":["post-11","page","type-page","status-publish","hentry"],"blocksy_meta":[],"aioseo_notices":[],"_links":{"self":[{"href":"https:\/\/meskreasbudget.fr\/accueil-2\/wp-json\/wp\/v2\/pages\/11","targetHints":{"allow":["GET"]}}],"collection":[{"href":"https:\/\/meskreasbudget.fr\/accueil-2\/wp-json\/wp\/v2\/pages"}],"about":[{"href":"https:\/\/meskreasbudget.fr\/accueil-2\/wp-json\/wp\/v2\/types\/page"}],"author":[{"embeddable":true,"href":"https:\/\/meskreasbudget.fr\/accueil-2\/wp-json\/wp\/v2\/users\/1"}],"replies":[{"embeddable":true,"href":"https:\/\/meskreasbudget.fr\/accueil-2\/wp-json\/wp\/v2\/comments?post=11"}],"version-history":[{"count":5,"href":"https:\/\/meskreasbudget.fr\/accueil-2\/wp-json\/wp\/v2\/pages\/11\/revisions"}],"predecessor-version":[{"id":6868,"href":"https:\/\/meskreasbudget.fr\/accueil-2\/wp-json\/wp\/v2\/pages\/11\/revisions\/6868"}],"up":[{"embeddable":true,"href":"https:\/\/meskreasbudget.fr\/accueil-2\/wp-json\/wp\/v2\/pages\/7097"}],"wp:attachment":[{"href":"https:\/\/meskreasbudget.fr\/accueil-2\/wp-json\/wp\/v2\/media?parent=11"}],"curies":[{"name":"wp","href":"https:\/\/api.w.org\/{rel}","templated":true}]}}